31 and d.
31
Let n = 368 + -242. Let m be n*((-10)/(-15) + 2). Calculate the greatest common divisor of 42 and m.
42
Suppose -31*t = -1004 - 4948. Calculate the highest common factor of 704 and t.
64
Let i be 1/1 - 8/12*-3. Let m be 1*(1 - 2 - 1). Let l = m - -5. What is the highest common factor of i and l?
3
Let t(k) = -k**2 + 4*k + 6. Let j be t(5). Let f = j - -10. Calculate the greatest common factor of f and 11.
11
Let u = 145 - 34. Suppose -2*j + 5*j + 4*a - 116 = 0, 0 = -3*j - 3*a + u. What is the greatest common divisor of 8 and j?
8
Suppose 21*m - 1162 = -469. Suppose -13*k - 5 = -8*k, -5*k = 2*x - m. What is the highest common divisor of x and 152?
19
Suppose 0 = -3*r + 5*r - 28. Suppose 36 + 366 = -6*g. Let u = 31 - g. Calculate the greatest common divisor of u and r.
14
Let a = -4 - -7. Suppose a*i = 72 + 243. What is the greatest common divisor of 42 and i?
21
Suppose -86*r + 85*r - 4100 = -5*s, -4*s = -r - 3281. Calculate the greatest common factor of 364 and s.
91
Suppose -297 + 981 = 9*p. What is the highest common factor of 95 and p?
19
Suppose -16*y = -65 - 63. What is the highest common divisor of 16 and y?
8
Suppose 614 = 4*n - 2*o, 0 = n + 3*n + 3*o - 629. Suppose 2*z - 5*g + 27 - 112 = 0, g = 5*z - n. What is the greatest common factor of z and 15?
15
Suppose -5*p - v + 245 = -6*v, -2*p - v = -95. Let d = -30 + p. Suppose d + 60 = 6*s. What is the greatest common factor of 130 and s?
13
Let a(q) = -q**3 + 21*q**2 - 4*q - 57. Let l be a(19). What is the greatest common divisor of l and 19?
19
Suppose -2*c + 2 = 0, 29*c - 31*c = -2*n + 94. What is the highest common factor of n and 1200?
48
Suppose -4*l + 5*y + 33 = -0*l, 4*l - 4*y = 28. Suppose 0 = l*p - 107 - 85. Calculate the greatest common divisor of p and 12.
12
Let g(z) = -3*z + 19. Let d be g(6). Suppose -3*n + 82 = -4*y, 9 = 4*y + d. Calculate the highest common factor of n and 270.
30
Let p = 2105 + -1799. Let h(t) = -8*t + 2. Let c be h(-4). What is the highest common divisor of c and p?
34
Let j(y) = y**3 + 19*y**2 + 32*y + 73. Let r be j(-14). What is the greatest common divisor of r and 55?
55
Let l be 70/(-25) + 2/(-10). Let m be 2/l*(-9 - 6). Let n be (-75)/(-2)*36/45. What is the highest common divisor of m and n?
10
Let u = 29 - 25. Suppose -4*o - i + 357 + 133 = 0, u*o + 2*i - 488 = 0. Suppose -39 + o = 6*c. What is the highest common factor of 140 and c?
14
Let k(q) = q**3 + 4*q**2 - 2*q + 6. Let i be k(-5). Let l be 12 + 2 + i + 5. What is the greatest common factor of 10 and l?
10
Let w(g) = g**3 - 3*g**2 - 29*g - 40. Let z be w(8). Let d be (-99)/(-3) + (-2 - -1). Calculate the highest common factor of d and z.
16
Let g = 8 - 11. Let u(f) = -2*f - 2. Let l be u(g). Suppose 3*t + 3*s = 8*t - 45, -l*s - 44 = -4*t. What is the highest common divisor of 24 and t?
6
Let c(r) = 21*r - 7. Let l be c(2). Suppose 8*t = 90 + 22. Calculate the highest common factor of t and l.
7
Suppose -z + 3*z - 44 = -5*g, 0 = -3*z - 4*g + 66. Let h be 8/(-12) + (-40)/(-6). Let f be (4/h)/(4/66). What is the highest common factor of z and f?
11
Let r = -17 - -22. Suppose -d + 5*c = -4, 0*c - 2*c - 112 = -r*d. Calculate the highest common divisor of 12 and d.
12
Suppose 4*h = d - 4 - 7, 0 = -3*h + d - 8. Let k be -2*(-38)/(-12)*h. What is the greatest common divisor of 19 and k?
19
Suppose 5*h = -0*h. Suppose 5*y - 5*f + f - 46 = h, -2 = y + 2*f. Calculate the highest common divisor of 6 and y.
6
Suppose -59 = -4*o + 5*x - 10*x, 5*x + 53 = 3*o. Calculate the highest common factor of 104 and o.
8
Let f(h) = 3*h**2 - 3*h + 15. Let v be f(5). Let l = v - 59. Calculate the greatest common factor of l and 16.
16
Let n(g) = -g**2 + 6*g + 16. Let s be n(7). Let w = 168 + 233. Suppose -6*p - 2*c = -3*p - 307, -4*p - c = -w. Calculate the greatest common factor of s and p.
9
Suppose -4*r - 165 = -3*x, -3*r - 48 = -x + 12. What is the greatest common factor of x and 3?
3
Suppose -2*r + 0*r + 5*s = -2, -3*r - 43 = 4*s. Let v be r/(-24)*-2*-24. Calculate the greatest common factor of v and 3.
3
Let a be 1*((-2 - -36) + -3). Suppose -g = 5*o - 1702, g - 338 = -o - 0*o. What is the highest common factor of o and a?
31
Let y(z) = 4*z**2 + 25*z - 1. Let u be y(-7). Calculate the highest common divisor of u and 180.
20
Let s(y) = -5*y**2 - 2*y**3 + 4*y**2 - 2*y - 3*y**2 + 5. Let i be s(-5). Suppose -5*d + 11 + 64 = 0. What is the highest common factor of i and d?
15
Let q = -367 + 404. Calculate the highest common factor of q and 1.
1
Let j = -264 + 292. What is the greatest common factor of 2 and j?
2
Let v be (6 - 10)*(-32 - -6). Calculate the highest common factor of v and 40.
8
Suppose 109 = 4*d - 451. Let n be (-4)/14*d/(-10). Suppose -8 = -n*u + 4*w, 8 = 3*w - 7. Calculate the greatest common factor of 1 and u.
1
Let q = -10 + 19. Let f be -8*(q/(-3))/6. Calculate the highest common divisor of 1 and f.
1
Let z(g) = -5*g - 40. Let k be z(-8). Suppose -n - 3*r + 44 = 0, k = -r + 3*r - 2. What is the highest common factor of n and 369?
41
Suppose 2*k = 3*k + 3*j - 76, 5*k + 2*j = 354. Let n(x) = x**3 + 6*x**2 + 6*x + 6. Let y be n(-4). What is the greatest common factor of y and k?
14
Let w(a) = -a**2 - 5*a + 3. Let d be w(-4). Let h = d - 7. Suppose 2*o = 3*o - 2, h = -i + 3*o + 1. Calculate the greatest common factor of 21 and i.
7
Let r(z) = z**2 + 10*z - 79. Let k be r(19). Calculate the highest common factor of 24 and k.
8
Let h be 3 + (-2)/2 + 75. Suppose 0 = 72*y - 63*y - 63. What is the greatest common factor of h and y?
7
Let f be (0 + -2)*-66 - -3. Suppose -2*a = -129 - f. Let x be (-144)/9*(-3)/4. Calculate the greatest common factor of a and x.
12
Suppose -3*u = -u + 24. Let i be (15/6)/((-2)/u). Let g be ((-21)/6 - -2)*-2. Calculate the highest common factor of g and i.
3
Suppose -2*s + 5*o = 23, 2*o = 5*s - s + 54. Let y(x) = -4*x - 8. Let u be y(s). Suppose a + 3*a - u = 0. What is the highest common factor of a and 30?
6
Let m be (17 - -1)/(1/1). Let h(a) = -a**2 + 19*a + 8. Let x be h(m). Calculate the greatest common divisor of 65 and x.
13
Let h = -3 + 5. Let s(n) = -n**3 + 12*n**2 - 8*n - 11. Let p be s(11). Suppose -6 = -x - x, 0 = 2*l + 4*x - p. Calculate the greatest common divisor of l and h.
1
Suppose -2*r = 14*d - 13*d - 4, 2*d + 5*r - 6 = 0. Calculate the greatest common factor of 136 and d.
8
Let q = 143 - 17. Let y be (1 - 0) + 1 + 16. What is the greatest common divisor of y and q?
18
Let t(a) = 7*a**2 - 196*a - 71. Let s be t(29). What is the highest common factor of s and 264?
132
Suppose 0*s + b = -s - 2, 0 = 2*s - 2*b + 4. Suppose -3 = -5*y - 3*q + 28, 3*q + 14 = 4*y. Let u = s + y. What is the highest common factor of u and 3?
3
Let k be 4/16 + 2*(-3)/24. Suppose w + k*w = 51. What is the greatest common factor of 34 and w?
17
Let u be (609/(-42))/((-1)/((-4)/(-2))). Calculate the greatest common divisor of u and 203.
29
Suppose -48 = -q - 4*o, 3*q + 5*o - 180 = -2*q. Suppose 593 = 3*y - 607. Let z be y*-6*(-1)/15. Calculate the greatest common divisor of z and q.
32
Suppose -10*b = -12*b - 6. Let p be (19/b)/(-2*5/60). Calculate the highest common factor of p and 38.
38
Suppose 0 = 2*g + 12*r - 7*r - 363, 4*r + 372 = 2*g. What is the greatest common factor of 69 and g?
23
Let r(w) = -w**3 - 12*w**2 - 6*w + 8. Let a be r(-12). Suppose -5*z = 4*m - 89, 5*m - 4*z = 6 + 54. What is the highest common divisor of a and m?
16
Suppose 2*r = 3*w - 5*w + 38, -5*r + 89 = 3*w. Suppose 7 + 5 = -3*i, 60 = 2*z - 3*i. What is the highest common divisor of r and z?
8
Suppose 0 = -2*i - r + 23, 4*i - 5*r - 10 = 1. Let o be (-505)/45 + (-4)/(-18). Let c = -10 - o. What is the highest common divisor of c and i?
1
Suppose -100*l = -101*l + 288. Calculate the greatest common divisor of 36 and l.
36
Let n be (-736)/8*3/(-6). Suppose 3*x + n = -4*i, 2*i = -0*x + 3*x - 14. Let o be ((-56)/(-20))/((-1)/i). Calculate the highest common divisor of o and 4.
4
Suppose 5*z - 2*q = 279, -4*z - 2*q - 57 = -273. Let v = -2759 - -2764. Calculate the highest common factor of z and v.
5
Suppose -4*t = t + 5*s + 5, 4*t + 2 = -5*s. Let q(x) = 2*x**2 - 4*x - 8. Let u be q(t). What is the greatest common factor of u and 154?
22
Let a(r) = -r**2 + 16*r - 27. Let v be a(5). What is the greate